 3. What are the prime factors of o(5)?
2, 1109
Suppose 8*o - 1121 = -65. List the prime factors of o.
2, 3, 11
Let n(f) = f. Let l be n(2). Let h(z) = 3*z - 1. Let a be h(l). Suppose a*d - 121 = -1. List the prime factors of d.
2, 3
Let m(t) = t**2 + 16*t - 9. Let x = 70 - 88. What are the prime factors of m(x)?
3
Let n(t) = 2*t**2 + t + 3. Let y be n(3). Suppose 5*m = 4*s - 14, 3*s + 2*m - y = -m. Suppose -s - 12 = -l. List the prime factors of l.
2, 3
Let w(g) = -5*g - 9. Suppose 5*l = 4*f, -3*l - 20 = 2*l. Let u be w(f). List the prime factors of (8/u)/((-1)/(-122)).
61
Suppose z - 12 = -3*i + 3, -15 = 4*z - 3*i. Suppose 6*j - 13*j + 910 = z. What are the prime factors of j?
2, 5, 13
Let h(v) = -v**3 - 18*v**2 - 5*v - 43. Let p be h(-18). Suppose -r = -p - 9. List the prime factors of r.
2, 7
Let i = 129 + -31. Suppose -6*x + 8*x - i = 0. List the prime factors of x.
7
Let t = -97 + 653. What are the prime factors of t?
2, 139
Let a = 364 + -227. What are the prime factors of a?
137
Suppose -12 - 28 = -4*u. Suppose 2*k = -c + 7, -c + 0*k - 5*k = -u. Suppose -c*d = -5*h - 185, -6*h + h = 4*d - 139. What are the prime factors of d?
2, 3
Suppose -22*s = -94358 + 14432. List the prime factors of s.
3, 7, 173
Let u(y) = y + 14. Let t be u(-9). Suppose 4*h - 8*h + 4*i = -64, t*i - 130 = -5*h. Suppose 0*f + 3*f = h. What are the prime factors of f?
7
Let h = 1885 - -21. List the prime factors of h.
2, 953
Suppose -4*k = 5*q - 1513, 2*q - 19 + 9 = 0. What are the prime factors of k?
2, 3, 31
Let n = -827 - -1638. What are the prime factors of n?
811
Suppose 5*h - 315 = -i, -i + 2*h + 0*h + 280 = 0. Let g = i - 170. What are the prime factors of g?
2, 3, 5
Let o be 0/2*(-2 + (-10)/(-4)). Suppose 3*a + 4*v - 313 = o, 0 = 2*v - 7*v + 20. What are the prime factors of a?
3, 11
Let x = 849 - 758. What are the prime factors of x?
7, 13
Let j be ((-19960)/(-12))/((-33)/(-9) + -3). What are the prime factors of j/30 + 2/(-24)*2?
83
Let k be 12/(-8)*(-142)/3. Suppose 5*r + 90 = 4*t, 3*t - 3*r = -r + k. List the prime factors of t.
5
Suppose 3*t + 30 = 3*n, 4 = -2*t - 5*n - 51. Suppose 0*i - 5*i = 2*y + 25, y + 15 = -3*i. Let q = y - t. What are the prime factors of q?
3, 5
Suppose 4*o - 4*c = 4016, 4*c - 3*c = 2*o - 2005. List the prime factors of o.
7, 11, 13
Let g(t) = -1792*t + 122. List the prime factors of g(-2).
2, 17, 109
Let u be 10/(-45) + (-129)/27. Let y(s) = -s + 8. What are the prime factors of y(u)?
13
Suppose 6*x - 2*x + 2*p = 550, 0 = 5*x + 2*p - 686. Suppose -x = -7*z + 340. What are the prime factors of z?
2, 17
Let c = 139 + -92. Suppose -3*u - 2*q + 122 = 0, 2*u - c - 28 = 5*q. What are the prime factors of u?
2, 5
Suppose 14*b - 6567 = 4605. List the prime factors of b.
2, 3, 7, 19
Let z(b) = 14*b**3 + 3*b**2 - 7. Let u be z(3). Suppose 0 = 4*r - 50 - u. List the prime factors of r.
2, 7
Suppose -4*r + 620 = -3056. What are the prime factors of r?
919
Suppose 2*u - 128 = -q + 3*u, -656 = -5*q + u. Suppose -38 = c - 43. Suppose -i = -c*l + q + 37, 29 = l - 5*i. What are the prime factors of l?
2, 17
What are the prime factors of ((-8886)/4)/(165/(-110))?
1481
Let m = 2 + -8. Let k = m + 16. What are the prime factors of (-52)/k*30/(-6)?
2, 13
Let u = 34 + -32. What are the prime factors of 5 + -5 + (u - 1 - -26)?
3
Suppose 14*h + 3*h = 15963. What are the prime factors of h?
3, 313
Let b be (-27)/(-6) + -5 + 447/(-2). Let c = -94 - b. What are the prime factors of c?
2, 5, 13
Suppose 2*r - 3*c = -1 - 5, 0 = 2*r - 2*c + 2. Let t(v) = 4*v + 2*v**2 - 8 - v**2 - r*v + 4*v. List the prime factors of t(-10).
2, 3, 7
Let f = -313 + 702. What are the prime factors of f?
389
Let i(l) = -2*l**2 + l - 9. Let q be i(5). Let x = q + 114. What are the prime factors of x?
2, 3, 5
Let z(l) = 125*l - 56*l - 3 - 55*l + 8. List the prime factors of z(7).
103
Let b(k) = k**2 - 7*k + 6. Let m be b(6). Suppose m = 2*h - 1 - 3. Suppose 3*d + 27 - 96 = -4*x, 92 = 4*d + h*x. List the prime factors of d.
23
Let p(k) = -k**3 - 22*k**2 - 41*k - 15. Let a be p(-20). Let h be (4 + 0)*(-130)/(-8). Suppose a*c - y = y + h, y = 5. What are the prime factors of c?
3, 5
Let z be (-1 - -17) + 4 + 0. Suppose 2*k = -3*k + z. Suppose 0 = 3*j + k*v - 56, -2*j - j + 4*v = -88. What are the prime factors of j?
2, 3
Let h = 10 - 19. Let f(k) = k**2 + 10*k + 1. Let x(b) = b + 1. Let v(n) = f(n) - 4*x(n). List the prime factors of v(h).
2, 3
What are the prime factors of 965 + ((-45)/(-8) - 15/(-40))?
971
Let q(a) = -280*a - 128. What are the prime factors of q(-12)?
2, 101
Let c = -1043 - -1119. What are the prime factors of c?
2, 19
Suppose -r + 6 = 1. Suppose -36 = 8*g - 17*g. Suppose o = r*y + 28, 0*o - 3*o = -g*y - 128. What are the prime factors of o?
2, 3
Let k(d) = -135*d + 129. List the prime factors of k(-7).
2, 3, 179
Let n(b) = -22*b + 14. What are the prime factors of n(-34)?
2, 3, 127
Suppose -4*t + 261 = -5*t. Let s = -109 - t. Let r = s - 107. What are the prime factors of r?
3, 5
Let y(d) = 3*d**3 - 15*d**2 + 21*d - 136. What are the prime factors of y(12)?
2, 5, 157
Let u be (-10)/1*1*-50. Let y = u + -281. List the prime factors of y.
3, 73
Let j(h) = 5*h**2 - h - 3. Let n = 43 - 46. What are the prime factors of j(n)?
3, 5
Let y be (-226)/(-2)*-1 + 2. Let r be 11/((-33)/(-10))*(-162)/15. What are the prime factors of 3*4/(r/y)?
37
Let l = -12 - -15. Suppose -3*k + 449 = -2*t, l*t - 2*t + 592 = 4*k. List the prime factors of k.
3, 7
Let y(x) = -x + 2. Let u be y(-2). Suppose -7*o = 87 + 333. List the prime factors of 2/u - o/8.
2
Let c be 50/4*(-48)/(-10). What are the prime factors of (96/9)/4*c?
2, 5
Suppose 0 = -19*c + 5717 + 25538. List the prime factors of c.
5, 7, 47
Let k = -32 + 17. Let q(r) = -r**2 - 17*r + 5. List the prime factors of q(k).
5, 7
Suppose -63 + 351 = 5*i + 4*s, 0 = -4*i + 4*s + 252. List the prime factors of i.
2, 3, 5
Let z = 26 - 23. Suppose z = d - 2*d. List the prime factors of 35 - (-2 - d - 2).
2, 3
Let b(d) be the first derivative of -d**4/4 + 7*d**3/3 - 4*d**2 + 4*d - 5. Let n be b(5). Suppose 0 = -4*i + 106 + n. List the prime factors of i.
2, 3, 5
Suppose 4*k - 48 = k. Suppose 0 = 4*w - k, -4*r = w - 657 - 139. What are the prime factors of r?
2, 3, 11
Let f(t) be the second derivative of t**6/360 - t**5/15 + 7*t**3/6 + t. Let z(o) be the second derivative of f(o). What are the prime factors of z(11)?
3, 11
Let j = -113 - -129. List the prime factors of 10*1*(-2)/j*-12.
3, 5
List the prime factors of (2540/50)/(1 - (-38)/(-40)).
2, 127
Let k = 178 - -550. What are the prime factors of k?
2, 7, 13
Suppose 865 = q + 2*d, 0 = 6*q - 9*q - 2*d + 2607. List the prime factors of q.
13, 67
Suppose -15*i = -90250 + 18160. List the prime factors of i.
2, 3, 89
Let v be (-20)/(-12) + (-4)/6. Let h = v - -2. Suppose 3*u - 77 = -4*j, 30 + 17 = h*u - 2*j. List the prime factors of u.
19
Let s(i) = -i**3 - 7*i**2 - 10*i - 14. List the prime factors of s(-7).
2, 7
Suppose -w = 3*g - 206, 2*w + 4*g = 286 + 122. Suppose w = 5*z - 165. What are the prime factors of z?
73
Let i = -1109 + 2263. List the prime factors of i.
2, 577
Suppose z = -z + 12. Let d be ((-17)/3)/(3/(-9)). Suppose -5*p = -z*p + d. What are the prime factors of p?
17
Suppose -4*w = -7*w. Suppose -2230 = -10*u - w*u. What are the prime factors of u?
223
Let c = 101 - 100. List the prime factors of (c - (-124)/3)/((-15)/(-45)).
127
Let n be (-4)/14 - (-360)/(-14). Let r = -402 + 477. Let v = r + n. What are the prime factors of v?
7
What are the prime factors of (-20)/24*(-6)/15*2514?
2, 419
Let n be (-137)/2 + 2/(-4). Suppose -28 + 124 = -3*i. Let l = i - n. List the prime factors of l.
37
Suppose 9*a - 60 = -3*a. Suppose a*s - 312 = 108. List the prime factors of s.
2, 3, 7
Let h(m) = 5*m**2 - 10*m - 30. Let u be h(-9). Let r = -323 + u. What are the prime factors of r?
2, 71
Let t(i) = 33*i + 15. List the prime factors of t(7).
2, 3, 41
Suppose 114 = -5*i + 24. Let h be 9/i - 119/2. What are the prime factors of (h/(-50))/((-6)/(-40))?
2
Suppose 7*i - 10 = 18. Suppose i*w = -w + 25. List the prime factors of w.
5
Suppose -5*y = -8*y + 12. Suppose y*w = 2 + 18, -4*r = 5*w + 199. Let o = r - -91. What are the prime factors of o?
5, 7
List the prime factors of 3665 + 0*(-4)